 = -674 + 2176. What is the tens digit of b?
0
What is the hundreds digit of 2482/6 - (-24)/18?
4
Let f(z) = -7*z**2 - 3. Let j be f(-3). Let u be ((-2)/5)/((-552)/560 - -1). Let q = u - j. What is the tens digit of q?
3
Suppose 782 = -10*n + 12*n. What is the tens digit of n?
9
Let u = -2 - 2. What is the units digit of ((-30)/u)/((-9)/(-198))?
5
Suppose 33 = 5*y - 2. What is the tens digit of (-18)/42 - (-360)/y?
5
Suppose -q = 26 - 28. What is the tens digit of (-132)/(-2 - q) + 3?
3
Suppose -6 = -4*i + 2. Suppose 0 = -5*b - t + 23, b - i*t = -2*b + 19. Suppose b*d - 38 = 27. What is the tens digit of d?
1
Suppose 7425 = -9*j + 22743. What is the tens digit of j?
0
Suppose 5*r = -9 - 11. Let f be 0/(2*2/r). Let x = 6 - f. What is the units digit of x?
6
Suppose 0 = 8*u + 69 - 93. Let j = -185 + 287. Suppose u*r = r + j. What is the tens digit of r?
5
Let o(m) = 7*m**2 + 8. Let a be o(4). Suppose -4*f = n + 2*n - 125, -a = -3*f + 3*n. What is the units digit of f?
5
Let i = 2 - 1. Suppose -8 = -r + i. Suppose p - 9 = r. What is the units digit of p?
8
Suppose 2*l = -3*q - l + 117, 2*q - 5*l = 78. Let s = q - 27. What is the tens digit of s?
1
Let w = 1804 - -397. What is the tens digit of w?
0
Suppose -24*n + 2695 = -11225. What is the tens digit of n?
8
Let o(h) = h**2 + 14. Let r be o(0). Let d(w) = 1 - 2*w**2 + r*w - 3*w**2 + 4*w**2. What is the units digit of d(7)?
0
Let q be -4 + ((-60)/5)/(-4). What is the tens digit of (q + 25/3)*12?
8
Let c be (220/4)/(1/2). Suppose -4*f = 5*k - 9*f - c, -10 = 5*f. Suppose 4*q + q + j - 55 = 0, -q + k = 2*j. What is the tens digit of q?
1
Let s = 108 - 110. What is the units digit of ((-429)/(-13))/(1/(-6)*s)?
9
Let v = 1384 - -897. What is the hundreds digit of v?
2
Let z(d) = 2*d - 1. Let i be z(2). Suppose 2*b - f = -2*f + 10, 4*b = -f + 18. Suppose -i*o - b*v + 22 = -2*o, 2*v = -3*o + 86. What is the tens digit of o?
3
Suppose 0 = -3*u - 380 - 382. Let v = -98 - u. What is the hundreds digit of v?
1
Let m = 3 + -1. Suppose 212 - 64 = m*r. What is the units digit of r?
4
Let c(x) = 89 - 60 - 5*x**2 - 2*x + 4*x**2. What is the units digit of c(0)?
9
Suppose 14*g - 42 = 1246. Suppose -17 - 3 = -5*n. Suppose -4*d = -3*t - 9*d + g, 4*t - 136 = -n*d. What is the tens digit of t?
3
Suppose 49*f - 50*f - 236 = 0. What is the tens digit of (1/(-1))/(1/f)?
3
What is the tens digit of ((4482/4)/(-3))/(48/(-96))?
4
Let z = -22 - 82. Let j = -51 - z. What is the tens digit of j?
5
Let q = -88 + 74. Let c(l) = -9*l - 54. What is the tens digit of c(q)?
7
Suppose -5*m = 6 + 9. Let h be 1 - 9/m - 3. What is the units digit of 0/2 + (h - -7)?
8
Let m(g) = -g**3 - 10*g**2 - 8*g - 3. Let j be m(-9). Suppose 2*h - 5*h - 21 = 0. Let x = h - j. What is the units digit of x?
5
Suppose -4868 = -4*s - 3*o, 3*o = -3 - 9. What is the units digit of s?
0
Let m be (-4 + 1)/((-4)/(-12)). Let j(f) = f**3 + 8*f**2 - 10*f - 1. Let k be j(m). What is the units digit of (-1 - 0)/(k/(-80))?
0
Let t(o) = 3927*o**3 - o**2 - 7*o + 8. What is the hundreds digit of t(1)?
9
What is the hundreds digit of 15/(-4)*((-503)/3 + 5)?
6
What is the tens digit of 12 + -13 + 5637 + 3?
3
Let c = -463 - -849. What is the units digit of c?
6
Let r(x) = x**3 - 19*x**2 - 19*x - 34. What is the hundreds digit of r(21)?
4
Let w = -1363 + 2373. What is the hundreds digit of w?
0
Let d(j) = 60*j + 1312. What is the thousands digit of d(0)?
1
Suppose -4*s - 3*s - 63 = 0. What is the tens digit of (-6)/s + (-29)/(-3)*2?
2
Suppose 3*z - 16608 = -4*n, -2*z - 4791 = -3*n + 7665. What is the hundreds digit of n?
1
Let j(g) = g**2 + 41*g - 81*g - 2 + 43*g. What is the tens digit of j(3)?
1
Let a(c) = c**3 + 14*c**2 + c + 4. Let x be a(-15). Let g = x + 334. What is the tens digit of g?
9
What is the units digit of 261/9 - (3 + -3)?
9
Suppose -b = 3*b - 12. Suppose 4*y = 2*w + 89 - b, -4*w - 62 = -3*y. What is the units digit of y?
2
What is the tens digit of (-2)/(12 - 3577/298)?
9
Let v(c) = c + 4. Let o be v(-6). What is the tens digit of 6/(-5)*(351/o + 3)?
0
Let k(w) = -3*w**2 - 10*w - 9. Let n be 15/25 + 43/(-5). Let h(f) = -f**2 - 3*f - 3. Let m(j) = n*h(j) + 3*k(j). What is the units digit of m(-5)?
2
Suppose 0 = 2*o + 3*s - 499, -3*s + 1225 = 5*o - 0*s. What is the units digit of o?
2
Let a = -104 + 139. Let l(r) = -9*r + 4. Let s be l(-5). Suppose -a = -0*h - 5*h - 5*f, 3*h = 4*f + s. What is the units digit of h?
1
Suppose 0 = 2*n, -2*s - 99 = -3*s - 4*n. Let c be (-2)/(-15) - 84/(-45). Suppose 3*g + s = 8*g + 4*u, 42 = c*g + u. What is the units digit of g?
3
Suppose -3*f - f + 4*s - 52 = 0, -4*f + 2*s = 52. Suppose 0 = 3*r + 5*i + 52, -4*r = 8*i - 6*i + 46. Let c = r - f. What is the units digit of c?
4
Let w = 46 - -348. What is the units digit of w?
4
Let u = 13 - -19. Let a = -8 + u. What is the units digit of a?
4
Let a(i) = 39*i**3 + 11*i**2 - 33*i + 16. What is the hundreds digit of a(3)?
0
What is the tens digit of (-14)/10 + 1 + (-11576)/(-40)?
8
Let r = 210 + 71. What is the units digit of r?
1
Suppose 65*t = t + 152960. What is the hundreds digit of t?
3
Let v(h) = -8 - 3 + 5*h - 5 - 3*h. Let t be v(7). What is the units digit of ((-104)/4)/(t/3)?
9
Let v(n) = -n**2 - 15*n - 18. Suppose -4*r = 2*i + 20, 13 + 15 = -2*i + 4*r. Let t be v(i). Let j = 5 + t. What is the tens digit of j?
2
Suppose 0 = 5*l + 25*w - 29*w - 2434, -1456 = -3*l - 2*w. What is the hundreds digit of l?
4
Suppose 0 = 4*a - 3*y - 230, -a + 5*y + 42 = -7. Let c = 98 - a. What is the units digit of c?
9
Suppose 3*z = 60 - 12. Let y = z - 39. What is the tens digit of (-3)/(2 - y/(-11))?
3
Suppose -514 = -4*w + 2*w + 2*g, 4*w - 1044 = -4*g. What is the units digit of w?
9
Suppose 2*s - 1 = 1. Let d = s + 35. What is the units digit of (-2)/(((-22)/d)/11)?
6
What is the hundreds digit of 21658/78 - 1/(-3)?
2
Suppose 5*a - 37 - 53 = 0. Let h = a - 13. Suppose 0 = -2*p - 2*p - f + 3, 5*p = -h*f. What is the units digit of p?
1
Let g = -15 + 22. Suppose -2*p = -6*p + 4. Let a = p + g. What is the units digit of a?
8
Suppose 7*l - 872 = 3*l - 2*b, 0 = 3*b - 6. What is the units digit of l?
7
Suppose 345 = -z - 4*f + 3424, 0 = -5*z - 2*f + 15341. What is the units digit of z?
7
Suppose 24 = 6*y - 3*y. Let o(k) = -4*k - 8. Let h(j) = -j**2. Let x(p) = -h(p) + o(p). What is the units digit of x(y)?
4
Suppose -133*v = -132*v - 5. Suppose v*p = 278 + 257. What is the hundreds digit of p?
1
Let w = 25 - 9. Let u(b) = w*b - 2 - b + 3 - b. What is the units digit of u(2)?
9
Suppose 14*u = 13*u + 2. Let o be -1*(u + 0 + -4). What is the tens digit of (o/4)/((-3)/(-282))?
4
Suppose 12 = 5*n + n. Suppose -2*m = 5*y - 57, -3*m - n*y + 6*y + 51 = 0. Suppose 69 - m = l. What is the tens digit of l?
4
Suppose n + 4*l - 1764 = -3*n, -n - 2*l = -437. What is the tens digit of n?
4
Let b be -26 + (-2)/4*-8. Let q = b - -14. What is the units digit of q/(-28) + (-598)/(-14)?
3
Let x(b) be the third derivative of -b**5/60 + b**4/2 - 2*b**3 + 2*b**2. What is the tens digit of x(9)?
1
Let v = 47 - 64. Let z(w) = -w**2 - 18*w + 33. What is the tens digit of z(v)?
5
Let v(z) = -17*z + 8. Let l be v(-16). Let j = l - 157. What is the tens digit of j?
2
Let d = -89 + 170. Let p = d - 18. What is the units digit of p?
3
Suppose -56 - 277 = -b. What is the tens digit of b?
3
Let g = 92 - 5. Let u = -55 + g. What is the units digit of u?
2
Let z = 2 + 2. Suppose 14 = 2*j + 4*h - 0, z*h = 4. Suppose j*u = 18 + 32. What is the tens digit of u?
1
What is the units digit of 2983/6 + (0 - 3)/18?
7
Suppose -g = -6*g - 5*s + 435, g + 4*s = 72. What is the tens digit of g?
9
Let f be 2/5*(28 - -12). Suppose 3*u - 4*u - f = 0. Let y = 43 - u. What is the units digit of y?
9
Suppose -2*i - 90 = 3*i. Let x = 73 + i. What is the units digit of x?
5
Let m(y) = -2*y - 3. Let h be m(-3). Suppose a = -3*w + h, a - 4*w - 1 = -5. Suppose -4*n + a*n = -232. What is the units digit of n?
8
Let c = -2338 - -5538. What is the thousands digit of c?
3
Let b = -552 - -1157. What is the tens digit of b?
0
Suppose -18 = -3*i - 0*p + 5*p, 0 = p. Let g(c) = 2*c**2 - 8*c - 2. What is the units digit of g(i)?
2
Suppose -i + 3*c + 850 = -326, -3*i + 3534 = -3*c. What is the units digit of i?
9
Let h(x) be the second derivative of -1/6